 - 2. Suppose 3*q - 3 = -4*o, -o = l*q + 4*o. Suppose -8*c = 4*s - 3*c + 12, -q*c - 20 = 0. Calculate the greatest common divisor of s and 3.
1
Suppose -2*b = -8, 3*q - 7*q = -4*b - 236. What is the greatest common divisor of q and 9?
9
Let w(c) = 6*c**3 - 2*c**2 - 2*c. Suppose j + 16 = -2*z + 6*j, -16 = -2*z - 3*j. Let r be w(z). What is the greatest common factor of 24 and r?
12
Suppose -10*r + 12 = -8*r. What is the greatest common factor of 66 and r?
6
Let l be (-6)/(11 + -23)*110. Suppose 3 = 3*s + 6. Let g(b) = 6*b**2 - 1. Let h be g(s). Calculate the greatest common divisor of h and l.
5
Let h(j) = -j**2 + 20*j + 79. Let d be h(23). What is the highest common factor of d and 80?
10
Let o = 467 + -302. What is the greatest common divisor of 66 and o?
33
Let c(t) = -t**3 - 2*t**2 + 5*t + 4. Suppose 0 = 2*h - 7*h - 15. Let a = -7 - h. Let b be c(a). What is the highest common factor of 2 and b?
2
Let u(c) = -c**3 + 2*c**2 + 3*c + c**3 - 1 - 4*c**3 - 2*c**3. Let d be u(-3). Calculate the greatest common factor of d and 17.
17
Let v(s) = 2*s**2 - 14*s + 2. Let x be v(8). Calculate the greatest common factor of x and 18.
18
Suppose 3*r - 4*r = -5. Let f be 1/3 - (-28)/(-21). Let o(c) = -5*c. Let i be o(f). What is the greatest common factor of i and r?
5
Suppose -2*b = -0*b - 5*g + 20, -3*g + 12 = -2*b. Suppose u + 0*u - 12 = b. Calculate the highest common divisor of 72 and u.
12
Let x(c) = -c**2 - 6*c - 4. Let h be x(-5). Suppose 2*j = s + 8, -3*s + 5*s = -2*j + 8. Calculate the highest common factor of h and j.
1
Let n(h) = -2*h**2 + 2. Let i be n(2). Let c be 37*(-2)/i*3. Let z be c/4 + 4/(-16). Calculate the highest common factor of 1 and z.
1
Let i be 5 - (1 + 0/(-2)). Let x be ((-13)/(-4))/(1/i). Let t(d) = d**2 - d + 91. Let f be t(0). What is the greatest common divisor of x and f?
13
Suppose -2*f + 96 - 14 = 0. Let z = -26 + f. What is the highest common divisor of 3 and z?
3
Suppose -142 = -2*i + 18. Let t = i + 40. Suppose -n = 0, 0 = -c - n + t - 16. Calculate the greatest common divisor of 13 and c.
13
Suppose -4*j - 3*u = -2*u - 199, -j - 2*u + 41 = 0. Calculate the highest common divisor of j and 17.
17
Let j = 44 + -39. Calculate the highest common factor of 1 and j.
1
Let x(l) = 50*l**2 - l. Let m be x(2). Suppose 3*f - 423 = -5*o, 2*o - m = f - 31. What is the greatest common divisor of 12 and o?
12
Let f(z) = 9*z**2 - z + 1. Let w be f(1). Let i be (-6)/((-2)/w*3). What is the greatest common divisor of 27 and i?
9
Let c(l) = l + 33. Let a be c(11). What is the greatest common divisor of a and 66?
22
Suppose 0 = -a + 6 + 3. Let o(r) = r**3 + 14*r**2 + 11*r - 8. Let t be o(-9). Suppose -17 = -5*m + t. Calculate the greatest common divisor of m and a.
9
Suppose 3*q = 10 - 1. Suppose 8*a - q*a - 70 = 0. Calculate the highest common divisor of a and 112.
14
Let t(j) = -j**2 + 2*j + 4. Let y be t(4). Let s(z) = z + 9. Let p be s(y). Calculate the highest common divisor of 40 and p.
5
Suppose 3 = -5*l + 18. Suppose 15 = l*a - 3. What is the greatest common divisor of a and 66?
6
Let d = -52 + 88. What is the highest common divisor of d and 4?
4
Let r be (-2)/((-5)/2 - -2). Let i = r - 1. Let u = i + 2. Calculate the highest common divisor of 1 and u.
1
Let z(o) = -5*o - 1. Let l(n) = -10*n - 2. Let g(u) = 2*l(u) - 5*z(u). Let m be g(1). Let w = -6 - -12. What is the highest common factor of w and m?
6
Let p = -69 + 132. What is the greatest common divisor of 42 and p?
21
Let b(s) = -s + 1. Let d be b(-4). Calculate the greatest common factor of d and 15.
5
Suppose -h = -4*h - 5*q + 196, 368 = 5*h - 2*q. Let j be 9 - (-3 - -3 - 0). What is the greatest common divisor of j and h?
9
Suppose -5*c + 2*c + 157 = 5*w, c = -w + 51. Let u be c - (-2 - 0) - 3. What is the highest common factor of u and 6?
6
Suppose 2*r = 3*u - 17 - 26, -4*u + 39 = r. Let k be 0/2 - 1*-121. What is the highest common factor of k and u?
11
Let c = 3 + 54. Calculate the highest common divisor of 38 and c.
19
Let y = 101 + -56. Suppose -3*k + 15 + 12 = 0. What is the greatest common divisor of k and y?
9
Let m be ((-10)/8)/(1/(-8)). What is the highest common divisor of 2 and m?
2
Suppose 9*h - 5*h - 56 = 0. Calculate the highest common factor of 126 and h.
14
Let g be (-4)/6 + 35/3. Let i be -16 + 16 - (1 - 110 - 1). Calculate the highest common divisor of i and g.
11
Let k be (-6)/27 + (-114)/(-27). Let h(t) = t**2 + 3*t - 5. Let n be h(k). Calculate the greatest common factor of n and 46.
23
Suppose 0 = -0*k + 2*k - 112. Let p be (-7)/(-3) + 2/3. Suppose 2*y = 5*g + 9, 0*g + p = y - 4*g. Calculate the greatest common divisor of y and k.
7
Let c be -1*9 - (-1 + -2). Let k be c/(-27) + (-241)/(-9). What is the greatest common factor of k and 54?
27
Suppose 4*j - 8 = -3*p + 1, -2*p = -6. Let g be -1*(0 - j)*-1. Suppose g = -3*r + 3*h + 33, r - 3*h = 7 + 6. What is the highest common factor of 2 and r?
2
Let i(n) = -n**2 + 1. Let o be i(5). Let u = 44 + o. What is the highest common factor of 8 and u?
4
Let j = 14 - 7. Let d(i) = -10*i + 8. Let p(s) = 7*s - 5. Let t(v) = 5*d(v) + 7*p(v). Let c be t(4). What is the highest common factor of c and j?
1
Suppose -4*z = -97 - 7. Let d be -14*(-1)/2 - 2. Suppose -d*b + 319 = -2*o, 4*b - 123 = 3*o + 128. What is the greatest common factor of z and b?
13
Let k be (-23 + -1)*(-1 + 0). Suppose 3*m + 108 - 330 = 3*g, -3*m = -g - 218. What is the highest common factor of k and m?
24
Let d = 104 - 179. Let t = -51 - d. Let v(q) = q**2 + 6*q + 3. Let o be v(-6). What is the greatest common factor of t and o?
3
Let j be -2 + -2 - (-102)/3. Calculate the highest common divisor of 75 and j.
15
Suppose 29 = 3*i + i + 3*v, 4*v - 35 = -5*i. Let f(a) be the first derivative of 5*a**2 + 4*a - 4. Let w be f(4). What is the highest common factor of w and i?
11
Suppose 0*p + 4*p - 40 = 0. What is the highest common divisor of p and 20?
10
Let p be (-358)/(-8) - (-2)/8. Let l = -12 + 30. What is the greatest common factor of p and l?
9
Let c be ((-132)/(-10))/(3/10). Calculate the greatest common divisor of 66 and c.
22
Suppose -2*t + 2*z + 11 + 51 = 0, 4*t + 4*z - 132 = 0. What is the greatest common divisor of t and 80?
16
Let i = 106 + -102. Calculate the highest common divisor of 52 and i.
4
Let u = -10 - -25. What is the highest common divisor of u and 15?
15
Suppose -2*u = -18 - 34. Calculate the highest common divisor of u and 13.
13
Suppose -4 = 3*v - 16. Suppose -v*x - 5 = -1. Let w = 1 - x. Calculate the greatest common divisor of w and 8.
2
Suppose b + 3 = 2*b. Suppose -b*y + y = -6. Suppose r + 12 = 3*r. Calculate the highest common divisor of r and y.
3
Suppose 0 = 3*n - 17*n + 434. Calculate the greatest common factor of 124 and n.
31
Suppose 0 = -5*w + 390 - 10. Let d = -16 + 35. Calculate the highest common divisor of d and w.
19
Suppose -2*p - 5*l + 29 = 0, -6 = 2*l - 0. Let t(x) = -4*x - 5. Let k be t(-4). Calculate the greatest common factor of p and k.
11
Let b(y) = -y**2 + 6*y - 2. Let q be b(4). What is the greatest common factor of 48 and q?
6
Let z(u) = 3*u**2 + 12*u - 3. Let v(b) = b**2 + 6*b - 2. Let j(q) = -7*v(q) + 3*z(q). Let l be j(5). What is the greatest common factor of l and 5?
5
Let p be (24 - 4)/(5/10). What is the greatest common divisor of 100 and p?
20
Suppose 57 + 78 = k + 4*c, -3*k = 3*c - 378. Suppose 6*t - k - 45 = 0. Calculate the greatest common factor of 7 and t.
7
Let w = -176 + 536. Calculate the highest common factor of w and 40.
40
Suppose -5*d + 25 = 0, 0 = -i + 5*d - 2*d - 15. Suppose -3*n - 3 + i = 0. Let v be -1 + -1*7*n. What is the greatest common divisor of v and 2?
2
Suppose x - 12 = -3*a, 8*x - 132 = 3*x + 3*a. Let t = x - 19. What is the highest common divisor of t and 55?
5
Let n(g) = g**3 + 9*g**2 + 6*g - 2. Let d be n(-7). What is the highest common divisor of 135 and d?
27
Suppose 5*x = 4*x - l + 3, 2*x - 5*l = 13. Calculate the highest common factor of 6 and x.
2
Suppose 2*y = -3*y + 15. Let c(i) = -5. Let r(x) = -x - 1. Let q(l) = c(l) - 2*r(l). Let z be q(y). Calculate the highest common divisor of z and 2.
1
Let z = -10 - -13. What is the greatest common divisor of 24 and z?
3
Let a = 6 - -10. What is the highest common divisor of 24 and a?
8
Suppose 9*n + 60 = 11*